{"id":26,"date":"2021-01-17T13:00:10","date_gmt":"2021-01-17T12:00:10","guid":{"rendered":"http:\/\/aunda.berlin\/?page_id=26"},"modified":"2023-04-11T11:02:13","modified_gmt":"2023-04-11T09:02:13","slug":"unternehmen","status":"publish","type":"page","link":"https:\/\/aunda.berlin\/","title":{"rendered":"Unternehmen"},"content":{"rendered":"\r\n<div class=\"entry-content\">Junges Unternehmen, langj\u00e4hrige Erfahrung.\u00a0 Obwohl wir uns erst im Jahr 2014 gegr\u00fcndet haben, blicken wir auf viele Jahre unternehmerischer T\u00e4tigkeit im Edelstahlbereich zur\u00fcck.\u00a0 Der klassische Handel von Edelstahlprodukten stand 1992 im Fokus: Fittings, Rohre, Bleche, Standard- und Sonderanfertigungen von Edelstahlgegenst\u00e4nden wie Arbeits-\/Waschtischen, Beh\u00e4ltern oder Handl\u00e4ufen.\u00a0<\/div>\r\n<div class=\"entry-content\">Die Planung und Montage von umfangreichen technischen Anlagen f\u00fcr die Lebensmittel- und Pharmaindustrie sowie f\u00fcr (Gro\u00df-) K\u00fcchen erg\u00e4nzte im Laufe der Jahre die Produktpalette.<\/div>\r\n","protected":false},"excerpt":{"rendered":"<p>Junges Unternehmen, langj\u00e4hrige Erfahrung.\u00a0 Obwohl wir uns erst im Jahr 2014 gegr\u00fcndet haben, blicken wir auf viele Jahre unternehmerischer T\u00e4tigkeit im Edelstahlbereich zur\u00fcck.\u00a0 Der klassische Handel von Edelstahlprodukten stand 1992 im Fokus: Fittings, Rohre, Bleche, Standard- und Sonderanfertigungen von Edelstahlgegenst\u00e4nden wie Arbeits-\/Waschtischen, Beh\u00e4ltern oder Handl\u00e4ufen.\u00a0 Die Planung und Montage von umfangreichen technischen Anlagen f\u00fcr die &hellip; <\/p>\n<p class=\"link-more\"><a href=\"https:\/\/aunda.berlin\/\" class=\"more-link\"><span class=\"screen-reader-text\">\u201eUnternehmen\u201c <\/span>weiterlesen<\/a><\/p>\n","protected":false},"author":1,"featured_media":0,"parent":0,"menu_order":0,"comment_status":"closed","ping_status":"closed","template":"","meta":[],"acf":[],"_links":{"self":[{"href":"https:\/\/aunda.berlin\/index.php?rest_route=\/wp\/v2\/pages\/26"}],"collection":[{"href":"https:\/\/aunda.berlin\/index.php?rest_route=\/wp\/v2\/pages"}],"about":[{"href":"https:\/\/aunda.berlin\/index.php?rest_route=\/wp\/v2\/types\/page"}],"author":[{"embeddable":true,"href":"https:\/\/aunda.berlin\/index.php?rest_route=\/wp\/v2\/users\/1"}],"replies":[{"embeddable":true,"href":"https:\/\/aunda.berlin\/index.php?rest_route=%2Fwp%2Fv2%2Fcomments&post=26"}],"version-history":[{"count":5,"href":"https:\/\/aunda.berlin\/index.php?rest_route=\/wp\/v2\/pages\/26\/revisions"}],"predecessor-version":[{"id":124,"href":"https:\/\/aunda.berlin\/index.php?rest_route=\/wp\/v2\/pages\/26\/revisions\/124"}],"wp:attachment":[{"href":"https:\/\/aunda.berlin\/index.php?rest_route=%2Fwp%2Fv2%2Fmedia&parent=26"}],"curies":[{"name":"wp","href":"https:\/\/api.w.org\/{rel}","templated":true}]}}